023 composite?
True
Is 359921951 a prime number?
True
Is 442482185 composite?
True
Is 755789 prime?
True
Is 374375081 prime?
False
Is 92200171 composite?
True
Is 2218423 prime?
True
Is 3788209 prime?
True
Is 2018959 a prime number?
False
Is 31489082 prime?
False
Is 6545585 prime?
False
Is 124147339 prime?
True
Is 1394401 composite?
False
Is 223539349 prime?
False
Is 80160499 prime?
True
Is 40364539 composite?
False
Is 7388611 composite?
True
Is 163526515 prime?
False
Is 615921 composite?
True
Is 82982657 composite?
False
Is 213802741 a prime number?
False
Is 36781181 prime?
True
Is 19305113 prime?
False
Is 47635382 a prime number?
False
Is 2024557 composite?
True
Is 166210679 a prime number?
False
Is 2974351 prime?
True
Is 4698847 a prime number?
False
Is 555122422 a prime number?
False
Is 28547161 prime?
False
Is 617138 composite?
True
Is 556513 composite?
False
Is 38776379 a composite number?
False
Is 1485937 composite?
False
Is 211423 a prime number?
False
Is 8426687 a prime number?
False
Is 68450683 composite?
True
Is 1242719 a composite number?
True
Is 7259327 a composite number?
False
Is 1077108341 prime?
True
Is 965521 prime?
False
Is 42486751 a composite number?
False
Is 56914727 composite?
True
Is 3676549 a prime number?
True
Is 79322783 a prime number?
False
Is 565711 prime?
False
Is 44237561 a prime number?
False
Is 215435999 a composite number?
False
Is 3077143 a prime number?
True
Is 144097 a prime number?
False
Is 1040521 prime?
True
Is 45679813 a composite number?
False
Is 158616191 a composite number?
True
Is 28542029 a prime number?
True
Is 1833983 composite?
False
Is 1331719 a prime number?
True
Is 60961363 a prime number?
True
Is 17902457 a composite number?
False
Is 6119 a prime number?
False
Is 85331329 a composite number?
True
Is 235544261 a prime number?
True
Is 56282159 a composite number?
True
Is 69610279 prime?
True
Is 858217 a composite number?
False
Is 676357 a prime number?
False
Is 154463 a composite number?
True
Is 42979753 a prime number?
True
Is 7191161 prime?
True
Is 39892607 composite?
False
Is 33568091 prime?
True
Is 6294971 a prime number?
True
Is 106923211 prime?
True
Is 3263353 a prime number?
True
Is 14961041 a prime number?
False
Is 5737229 composite?
False
Is 61527671 a prime number?
True
Is 109834355 a prime number?
False
Is 22980427 a composite number?
True
Is 856441 a composite number?
False
Is 6803801 composite?
False
Is 404688686 prime?
False
Is 3651817 composite?
True
Is 15236773 prime?
True
Is 29274241 a prime number?
False
Is 28822049 composite?
False
Is 33705481 a prime number?
False
Is 53605793 prime?
True
Is 6285247 a composite number?
False
Is 17413111 composite?
True
Is 227827 a composite number?
False
Is 99835889 prime?
False
Is 3267853 a prime number?
False
Is 503966 prime?
False
Is 2539118 a composite number?
True
Is 3723893 prime?
True
Is 15913637 prime?
False
Is 33585789 a composite number?
True
Is 128519719 a composite number?
False
Is 1243905253 prime?
True
Is 5150633 a composite number?
False
Is 127192817 prime?
True
Is 3050737 a composite number?
False
Is 6726073 a prime number?
True
Is 3304697 composite?
True
Is 35413441 composite?
True
Is 1410961 prime?
True
Is 775601 a composite number?
False
Is 535369613 a composite number?
True
Is 608781287 a composite number?
False
Is 238689613 a prime number?
True
Is 115810709 composite?
True
Is 28570921 a composite number?
False
Is 45797093 a prime number?
True
Is 2126681 prime?
True
Is 679787 prime?
False
Is 5676641 prime?
True
Is 10931113 composite?
False
Is 1079147 prime?
True
Is 105097 composite?
False
Is 70623811 prime?
False
Is 916259 composite?
False
Is 11982097 a composite number?
True
Is 20493821 prime?
False
Is 51990769 prime?
False
Is 179219 prime?
False
Is 14439109 a prime number?
True
Is 94818427 a prime number?
False
Is 146228903 composite?
True
Is 108587 composite?
False
Is 89512609 composite?
True
Is 2367949 composite?
False
Is 1621219 prime?
True
Is 69011065 a composite number?
True
Is 4586489 composite?
True
Is 17372945 a prime number?
False
Is 2948195 a prime number?
False
Is 78335087 composite?
False
Is 155228731 prime?
False
Is 1431557 composite?
False
Is 1190773 composite?
False
Is 12577063 a prime number?
True
Is 663437 composite?
False
Is 7699763 composite?
True
Is 106948529 composite?
False
Is 4781229 prime?
False
Is 320208067 composite?
True
Is 26841957 prime?
False
Is 7233047 composite?
False
Is 1942433 prime?
True
Is 77317 prime?
True
Is 308663 a prime number?
True
Is 6547543 a composite number?
True
Is 656137018 a composite number?
True
Is 367733 a composite number?
False
Is 1709699 composite?
False
Is 8219843 composite?
True
Is 175679899 a composite number?
False
Is 8846107 prime?
False
Is 3473177 prime?
True
Is 1312646 prime?
False
Is 90486199 a prime number?
True
Is 333212771 composite?
False
Is 71287793 a composite number?
False
Is 15340537 a composite number?
True
Is 3666803 composite?
True
Is 29191361 prime?
True
Is 4578377 a prime number?
True
Is 101049307 a prime number?
True
Is 3367109 prime?
True
Is 533077 prime?
True
Is 23486126 a composite number?
True
Is 12148599 prime?
False
Is 696481 composite?
False
Is 83039531 prime?
True
Is 30109337 a prime number?
False
Is 19703263 a prime number?
True
Is 60767701 a prime number?
False
Is 140810161 a composite number?
True
Is 93043267 a prime number?
True
Is 6832463 a prime number?
False
Is 38575189 a composite number?
False
Is 50701811 a prime number?
True
Is 158235637 prime?
False
Is 41684857 a prime number?
False
Is 210203149 a composite number?
True
Is 2701093 a prime number?
False
Is 845740571 composite?
True
Is 3988129 a composite number?
False
Is 51866411 a prime number?
False
Is 5655721 prime?
True
Is 4020257 composite?
False
Is 6967903 prime?
True
Is 221890427 a prime number?
False
Is 11831629 a composite number?
False
Is 6477811 prime?
True
Is 40105727 composite?
False
Is 8871019 a prime number?
True
Is 297658597 prime?
False
Is 8572727 composite?
False
Is 15810523 a composite number?
False
Is 709909 a composite number?
False
Is 58053511 a composite number?
False
Is 1529069 a prime number?
True
Is 3704213 a composite number?
False
Is 12501617 composite?
False
Is 40146683 prime?
True
Is 8990017 a composite number?
True
Is 5365909 composite?
False
Is 13561679 a composite number?
False
Is 640564517 composite?
False
Is 6667909 a prime number?
True
Is 2785117 prime?
False
Is 3598157 composite?
False
Is 52531361 a prime number?
True
Is 359339203 composite?
True
Is 576702029 a prime number?
True
Is 19857973 a composite number?
False
Is 11025853 a composite number?
False
Is 4230881 prime?
False
Is 63722279 a prime number?
True
Is 1063561 composite?
False
Is 28868149 prime?
True
Is 12531259 composite?
True
Is 19594157 a prime number?
False
Is 51888673 a prime number?
True
Is 9276599 prime?
False
Is 31786939 a prime number?
False
Is 726658 composite?
True
Is 1295191 composite?
False
Is 1253513 composite?
False
Is 473978441 a prime number?
True
Is 59334983 a composite number?
False
Is 11849557 a prime number?
True
Is 54716161 composite?
False
Is 121916207 a prime number?
False
Is 16338914 composite?
True
Is 411292957 a composite number?
False
Is 274351577 composite?
False
Is 18787867 composite?
True
Is 5923559 a prime number?
False
Is 127249949 composite?
True
Is 33848923 prime?
False
Is 2824691 a composite number?
True
Is 7072829 composite?
True
Is 1198063 prime?
True
Is 100850329 a composite number?
False
Is 372824071 a composite number?
True
Is 815141 prime?
True
Is 91372709 a composite number?
False
Is 70275223 a prime number?
False
Is 49388093 prime?
True
Is 4029379 a composite number?
False
Is 9392587 composite?
True
Is 217399867 composite?
False
Is 2251465 prime?
False
Is 1241311 a composite number?
True
Is 1648343 composite?
True
Is 33886213 composite?
True
Is 1271597 composite?
False
Is 776143 prime?
True
Is 14450173 prime?
True
Is 30486161 a prime number?
True
Is 53499874 composite?
True
Is 12054487 a prime number?
True
Is 319263431 prime?
True
Is 619736171 a composite number?
False
Is 2060533 prime?
False
Is 93049849 composite?
False
Is 10861901 a composite number?
True
Is 35452751 composite?
True
Is 302881 prime?
False
Is 260439 a prime number